-40?
-56
Evaluate 36 + -11 + (-18 - -21 - -11) + 18.
57
(-13 - 2) + 2 - (13292 + -13397)
92
Evaluate 1 + -4 - (155 - 440 - -362).
-80
207 + -13 - (48 + 29)
117
What is 17 + (-46 + 17 - 2) - -50?
36
Evaluate (-4 + 2 - -4 - -2) + 269 + -258.
15
What is (-13 - (-25 + 21)) + (2 + -6 - -68)?
55
(-63 - (-49 + 15)) + 37
8
What is the value of (103 - 132) + 19 + 2 - (-1 - -101)?
-108
What is the value of -17 + -494 + 521 + (1 - 1)?
10
-132 - (-195 + 71) - (1 - 16) - (-1 - -42)
-34
What is 14 - (-9 + 14) - 13 - 27 - -11?
-20
Calculate 297 - (354 - 56) - (-4 + 0 + 1).
2
Evaluate (-88 - ((-16 - 5) + (13 - 5))) + 0.
-75
Evaluate 73 + 10 + (-2 - -3 - 11) + -9 + 4.
68
71 + 2 + 1 - (11 - (18 - (-4 - -17)))
68
Evaluate 129 - (-146 + 125) - 4.
146
What is the value of -32 - (-32 + -5 - 31)?
36
19 + (-8 - 2) - 9 - (4 - 81)
77
Calculate 36 + -20 + -39 + 10 + (-1 - 1) + 57.
42
Evaluate -94 + (-32 + 14 - (-23 + 11 - 24)).
-76
What is 14 - (0 + 16 - ((24 - -46) + -32))?
36
Evaluate (9 - 12 - -1 - (9 - 12)) + -68 + -11.
-78
61 + (39 - (27 + 40))
33
What is the value of -122 + -1 + 2 + (-35 - -63)?
-93
Calculate (-37 - -12) + 23 + (1 - 14) + -5 + 5.
-15
-3 - (-15 - (21 + -6) - 18)
45
Calculate -1 - 58 - (-278 + -39 + 292).
-34
Calculate -12 + (-28 - (-17 - -23)) + -30.
-76
What is 31566 + -31735 - (-1 + -52)?
-116
What is -187 - -125 - (1 + -43)?
-20
Evaluate 4 - (22 - (157 - 95)).
44
Evaluate -1 + 51 + (-81 + 260 - 180).
49
(36 + -45 - 36) + (2 - (1 - -1))
-45
Calculate -52 + (105 - 6) + -75.
-28
What is 366 + -370 - (1 - ((-23 - 0) + 1))?
-27
Calculate (-20 - -41) + -3 + 9.
27
Calculate 49 + 1 + (49 + -57 - (-9 - -6)).
45
Evaluate 81 + (-24 + -2 - (-73 - -31 - -30)).
67
Evaluate -36 + 119 + 4 + -20 + (-2 - (0 - 8)).
73
Calculate 26 + 45 + -82 - (-4 - (-3 + -26)).
-36
What is 6 + (2 + -3 - (-11 - 4))?
20
0 + 94 + (-77 - -63 - -7) - -2
89
What is the value of (-34 + 0 - 62) + 30 + -1?
-67
What is the value of (10 - 0) + (31 - (-19 - -27)) + -30?
3
What is 61 + 9 - 57 - (1 + (4 - 1 - 45))?
54
What is 10 - (22 - (12 + -30 + 39))?
9
What is -94 + -7 + -4 + 39 - -13?
-53
Calculate 40 + -72 + 68 - (6 - (-1 + 2)).
31
What is 19 - (-57 - 40) - 51?
65
Evaluate 158 - (167 + -183 + 86).
88
-29 - (-29 + 9) - (0 - 30 - 3)
24
Evaluate (-5 - (12 + -84 - -19) - (-3 + -4)) + 9.
64
7 + 3 + (17 - 13) - (97 - 19)
-64
What is -4201 - -4188 - (-21 - (1 - 3))?
6
Evaluate 99 - (9 + -28) - (10 - (9 + -18)).
99
What is the value of -152 - (-3 - 37 - 26)?
-86
What is the value of -59 - (37 + -27 + (-8 + 19 - 9))?
-71
Evaluate 27 + (-4 + -3 - (-169 - -134)).
55
Calculate (-106 - -146 - 26) + -7 + -2 + 2.
7
Calculate -18 + -36 + 21 + (22 - 2).
-13
What is -1 - 12 - (-187 + 204)?
-30
What is 9 + (-109 - -47) + 61?
8
What is (24 - 4) + (-13 - -11) + -9 - -34?
43
What is -15 + -1 + -15 + (52 + -1 - -19)?
39
(82 + -90 - (-2 + 0) - -129) + 0 + -13
110
Evaluate -11 + 36 + -20 + 16 - -27.
48
What is the value of 75 - 63 - (30 - -8 - (2 - 9))?
-33
Calculate -8 + 1 + -11 + 27 + -47.
-38
Calculate 11 + -48 + 15 + (-15 - (9 + -19 + 6)).
-33
10 - ((-72 - -146) + (11 + -7 - (-4 + 1)))
-71
What is the value of 26 + (-153 - -286 - 225)?
-66
What is (-7 - -12) + 8 + -6 - (33 - (0 + 14))?
-12
Calculate 66 + ((35 - 18) + 8 + -3 - 8).
80
Evaluate -333 + 330 + 25 + 1.
23
What is the value of -18 - (-9 - 0) - (-31 - (-3 + -1 + 0))?
18
What is the value of -355 - -238 - (0 + 2 + -7) - 1 - -7?
-106
What is the value of -11 + ((15 - (1 + 6)) + -31 - (5 + -1))?
-38
What is 0 + 2 + -16 - (-178 + 124 + -28)?
68
12 + 0 + (-6 - 57)
-51
What is the value of -8 + 3 - -28 - (1 + 15) - -30?
37
Evaluate -52 + (43 + -14 + -43 - (-22 - 3)).
-41
What is -73 + (49 + -29 - -3) + 38?
-12
Evaluate 15 - (-20 + 52 + -5).
-12
Calculate -10 - (13 - (89 + -48)).
18
Evaluate -7 + (7 - ((19 - -4) + -1)) + 6.
-16
What is -20 + 3 + 28 - (2 + 1 + 0)?
8
-8 + (8 + (10 - 7) + 3 - 9)
-3
What is -2 + 76 - (-866 + 932)?
8
Calculate -1 - -39 - (-20 + 95 - 92).
55
What is -18 + -68 + 6 + (4 - 16) + -30 + 37?
-85
Evaluate -2 + (1 - 3) + 0 + -2 - (15074 + -15035).
-45
6 + (-43 - (-13 + 27 + 0) - 1)
-52
What is the value of 35 + -10 + -24 + -11?
-10
Calculate (-378 - -366) + -20 + -5.
-37
4 + (-21 - (-18 - -18) - -34)
17
What is -80 - (-28 + (142 - 145))?
-49
(13 + -15 - -12) + (6 - 0) + -1
15
What is 0 + 7 + (-17 - (-107 + 4)) + -8?
85
Calculate 0 + 47 + -13 + -12 + 28 + (14 - 32).
32
What is (0 + -8 + -12 - -1 - -10) + 60?
51
Evaluate -7 + 54 + -17 - ((16 - -2) + 3).
9
-8 + 7 + 10 + -13 - (-73 - -2)
67
Calculate -11 + -55 + -1 + -17 + (-11 - -34).
-61
What is 2 + 24 - (-40 + (-66 - -142))?
-10
(114 - -30) + -7 + ((1 - -3) + -5 - 13)
123
Calculate (100 - 12) + -40 + -15.
33
What is -18 + 0 + (25 + -47 - -30) - 8?
-18
What is the value of -23 + 16 - (-2 - (-1 - 12))?
-18
0 + 83 - (15778 - 15728)
33
(-12 - -60 - 17) + -18 - 31
-18
Calculate -58 + 10 + 21 + 73.
46
-34 + -16 + (29 - -1)
-20
What is 3 + -11 - (-3 + 2) - (-514 + 513)?
-6
What is the value of 17 + (71 - 44) + 9?
53
Evaluate (91 - (84 - 9)) + (-17 - -1) + 41.
41
What is 129 - (-154 - (-91 - 228))?
-36
What is the value of -11 + -1 - ((6 - (10 + 17 + -14)) + -3)?
-2
Evaluate (-4 - (-8 + (-4 - (8 - 56)))) + (131 - 117).
-26
(-7 - -6) + -7 - (0 + 2 + 92 + -83)
-19
Evaluate 588 - 755 - (-8 + -131).
-28
What is the value of (-29 - -6) + 6 - (2 + (13 - 4))?
-28
Calculate 77 + -63 + -71 + -5 + (19 - 1).
-44
Calculate -640 + 599 + 113 + -5 + -1 + -23.
43
What is -34 + 24 - (9 - 11) - -11?
3
What is the value of 1 + -79 - (21 - (11 - 25) - 45)?
-68
Evaluate -1 + 1 + 4 + (-537 - -499).
-34
What is the value of -43 + 12 - (22 - (35 - 3))?
-21
(0 - (-6 + (2 - -2))) + (3 - (-3 - -26))
-18
Evaluate 85 - (8 - (-66 - -7)).
18
What is 11 - -72 - (38 - (-20 + 41))?
66
What is the value of -14 - -8 - (-586 + 541)?
39
Calculate (-15 - (-21 - (-12 - 0)) - -3) + -12.
-15
Evaluate -11 + 2 + (260 - 261) + (0 - 64).
-74
Evaluate (-2 - 61) + 30 + -39 + 25.
-47
What is the value of (-944 - -951) + 8 + -4 + -11?
0
What is (-50 - -75 - 79) + 28?
-26
11 - (13 + (-3 + -15 - -5)) - -7
18
What is 0 + -281 + (-4829 - -4974)?
-136
Evaluate -104 - ((-2 + 6 - (7 - 23)) + -17).
-107
What is -3 - (28 - (26 + (-12 - -11)))?
-6
-2450 + 2498 + (-5 - 45)
-2
Evaluate (7 - ((-21 - -12) + 13) - 16) + 9.
-4
Calculate -50 + (2 - -36 - (49 + -33)).
-28
Calculate -2 + 3 + -3 + (-10 - (-4 - -7)).
-15
Calculate -2 - (124 + -134 + 0 + 16).
-8
What is 3 + -1 - 32 - (13 - (-49 + 66))?
-26
Evaluate -87 + (108 - 54) - -111.
78
What is -400 + 319 - (19 + -151)?
51
Calculate -96 + 120 + -73 + 84.
35
-7 + (-11 - 1 - -3) - 12 - (-2 + 3)
-29
What is (35 - 39) + -2 + (-7 - 13)?
-26
What is 53 - ((-9 - (13 - (9 + 17))) + -6) - 3?
52
Calculate -25 + 7 + 15 + -8 - (1 + 41).
-53
48 + -70 + 2 + (-9 - -121 - 3)
89
(3451 - 3416) + (-88 - 2) + -1
-56
Calculate (124 - -194 - 306) + (1 - (-1 + 2)) + -53.
-41
Evaluate 55 + 11 + -3 - 50.
13
(90 - (0 - 9)) + (32 - 30 - 5)
96
Calculate -13 + 26 + -23 + -21 + 0.
-31
-37 + 54 + 9 + -33 + 1 + 45
39
1 - -122 - ((-16 - (10 + -5)) + 519 + -493)
118
43 + (5 + -12 - 28)
8
What is the value of (5 + -51 - (164 + -194)) + 52?
36
What is (1 - 5) + (-5 - -54) + -7 + -15?
23
-24 + 1 + -17 + -2 + 37 - -72
67
What is 0 + -1 + -52 + -2481 + 2501?
-33
90 + -103 + -32 + -2
-47
Calculate 1 + -7 + -1 - ((-2 - (-50 - -28)) + 8).
-35
What is -24 - (4 + 2 + (3 - 4)) - (-17 + 9)?
-21
What is the value of -38 - (-7 - -3 - ((-4 - -6) + 5))?
-27
Calculate -82 - 45 - (-27 + -81).
-19
-18 - (-6 + -8) - ((-5 - 11) + 5)
7
Evaluate (-11 + 1 - -13 - -1) + -3.
1
What is the value of (14 - (-3 - (28 + -45))) + (3 - 9)?
-6
What is -12 + (-14 + -25 - -9 - -116)?
74
Calculate (-25 - -7 - -11 - -16) + -6 - 7.
-4
Evaluate -11 - ((-15 - -10) + -13 - 32).
39
Evaluate -87 + (129 - (-21 + 58)).
5
What is 3 + 10 - (31 - 51 - -18)?
15
41 + 0 - (-121 + 157 + 35)
-30
(5 - (34 - 15)) + -74
-88
-6 + -3 + 3 + (-51 - (-143 - -51))
35
Calculate (4785 - 4802) + 3 + -2 + 17 + 30.
31
Calculate -33 + 24 + (-1 + (0 - 0) - (2 - 4)).
-8
3 - (21 - -3) - (27 - (68 + -34))
-14
1 - 3 - -24 - 23
-1
What is the value of (-4 - -5) + 96 + (-38 - -17) + 12 - 2?
86
Calculate -9 + -10 + (12 - (14 + -22)).
1
Evaluate (-18 - -57 - 6) + -3 + (-3 - -1).
28
Evaluate (88 - 143) + -4 + 52.
-7
